ed by 17.
9
What is the remainder when 4254 is divided by 224?
222
What is the remainder when 222 is divided by 46?
38
What is the remainder when 10041 is divided by 1434?
3
Calculate the remainder when 295 is divided by 264.
31
Calculate the remainder when 619 is divided by 78.
73
What is the remainder when 627 is divided by 6?
3
Calculate the remainder when 1768 is divided by 29.
28
Calculate the remainder when 2621 is divided by 37.
31
What is the remainder when 816 is divided by 135?
6
Calculate the remainder when 168 is divided by 122.
46
What is the remainder when 299 is divided by 28?
19
Calculate the remainder when 764 is divided by 17.
16
Calculate the remainder when 2299 is divided by 59.
57
What is the remainder when 1419 is divided by 71?
70
Calculate the remainder when 1107 is divided by 37.
34
What is the remainder when 60213 is divided by 312?
309
What is the remainder when 685 is divided by 115?
110
What is the remainder when 448 is divided by 361?
87
Calculate the remainder when 880 is divided by 18.
16
What is the remainder when 855 is divided by 213?
3
What is the remainder when 8 is divided by 6?
2
Calculate the remainder when 565 is divided by 185.
10
What is the remainder when 619 is divided by 4?
3
What is the remainder when 268 is divided by 71?
55
What is the remainder when 18 is divided by 9?
0
Calculate the remainder when 139 is divided by 35.
34
What is the remainder when 333 is divided by 66?
3
Calculate the remainder when 295 is divided by 51.
40
What is the remainder when 103 is divided by 7?
5
What is the remainder when 727 is divided by 73?
70
Calculate the remainder when 446 is divided by 154.
138
Calculate the remainder when 455 is divided by 8.
7
Calculate the remainder when 1679 is divided by 120.
119
Calculate the remainder when 344 is divided by 23.
22
Calculate the remainder when 764 is divided by 205.
149
What is the remainder when 1399 is divided by 153?
22
Calculate the remainder when 7608 is divided by 59.
56
Calculate the remainder when 173 is divided by 44.
41
Calculate the remainder when 628 is divided by 10.
8
What is the remainder when 607 is divided by 86?
5
Calculate the remainder when 819 is divided by 174.
123
Calculate the remainder when 172 is divided by 88.
84
What is the remainder when 598 is divided by 20?
18
Calculate the remainder when 235 is divided by 111.
13
Calculate the remainder when 100 is divided by 59.
41
What is the remainder when 3930 is divided by 10?
0
Calculate the remainder when 302 is divided by 21.
8
What is the remainder when 1199 is divided by 60?
59
Calculate the remainder when 2367 is divided by 16.
15
Calculate the remainder when 181 is divided by 62.
57
What is the remainder when 75 is divided by 19?
18
Calculate the remainder when 488 is divided by 122.
0
What is the remainder when 898 is divided by 6?
4
What is the remainder when 90 is divided by 22?
2
What is the remainder when 778 is divided by 34?
30
What is the remainder when 63 is divided by 30?
3
Calculate the remainder when 1861 is divided by 208.
197
What is the remainder when 10626 is divided by 9?
6
Calculate the remainder when 496 is divided by 264.
232
Calculate the remainder when 584 is divided by 39.
38
Calculate the remainder when 15919 is divided by 16.
15
Calculate the remainder when 114 is divided by 5.
4
What is the remainder when 22859 is divided by 36?
35
What is the remainder when 346 is divided by 44?
38
Calculate the remainder when 48 is divided by 16.
0
Calculate the remainder when 442 is divided by 75.
67
Calculate the remainder when 50 is divided by 28.
22
Calculate the remainder when 4893 is divided by 153.
150
What is the remainder when 164 is divided by 46?
26
What is the remainder when 969 is divided by 54?
51
What is the remainder when 226 is divided by 39?
31
Calculate the remainder when 426 is divided by 126.
48
What is the remainder when 923 is divided by 21?
20
Calculate the remainder when 392 is divided by 7.
0
Calculate the remainder when 1464 is divided by 717.
30
Calculate the remainder when 515 is divided by 189.
137
What is the remainder when 5788 is divided by 2888?
12
Calculate the remainder when 30348 is divided by 341.
340
Calculate the remainder when 304 is divided by 62.
56
What is the remainder when 28 is divided by 12?
4
What is the remainder when 2892 is divided by 15?
12
Calculate the remainder when 39 is divided by 14.
11
Calculate the remainder when 171 is divided by 22.
17
What is the remainder when 206 is divided by 43?
34
What is the remainder when 9305 is divided by 179?
176
What is the remainder when 2434 is divided by 7?
5
What is the remainder when 150 is divided by 6?
0
Calculate the remainder when 40 is divided by 14.
12
Calculate the remainder when 135 is divided by 5.
0
What is the remainder when 72 is divided by 20?
12
Calculate the remainder when 309 is divided by 55.
34
What is the remainder when 710 is divided by 2?
0
What is the remainder when 1555 is divided by 147?
85
What is the remainder when 471 is divided by 159?
153
What is the remainder when 2831 is divided by 109?
106
What is the remainder when 515 is divided by 108?
83
Calculate the remainder when 578 is divided by 276.
26
Calculate the remainder when 1386 is divided by 32.
10
What is the remainder when 290 is divided by 97?
96
What is the remainder when 228 is divided by 109?
10
Calculate the remainder when 604 is divided by 105.
79
Calculate the remainder when 82 is divided by 75.
7
What is the remainder when 298 is divided by 30?
28
What is the remainder when 164 is divided by 147?
17
What is the remainder when 87 is divided by 8?
7
Calculate the remainder when 2225 is divided by 444.
5
What is the remainder when 223 is divided by 59?
46
What is the remainder when 741 is divided by 31?
28
Calculate the remainder when 339 is divided by 3.
0
Calculate the remainder when 480 is divided by 41.
29
What is the remainder when 388 is divided by 94?
12
Calculate the remainder when 889 is divided by 132.
97
Calculate the remainder when 168 is divided by 28.
0
Calculate the remainder when 136 is divided by 40.
16
Calculate the remainder when 272 is divided by 7.
6
Calculate the remainder when 129 is divided by 69.
60
Calculate the remainder when 144 is divided by 49.
46
Calculate the remainder when 677 is divided by 6.
5
Calculate the remainder when 1206 is divided by 39.
36
Calculate the remainder when 573 is divided by 41.
40
Calculate the remainder when 537 is divided by 54.
51
What is the remainder when 342 is divided by 49?
48
Calculate the remainder when 646 is divided by 91.
9
Calculate the remainder when 621 is divided by 26.
23
What is the remainder when 436 is divided by 23?
22
What is the remainder when 341 is divided by 89?
74
What is the remainder when 2441 is divided by 111?
110
What is the remainder when 78 is divided by 28?
22
Calculate the remainder when 193 is divided by 70.
53
What is the remainder when 381 is divided by 48?
45
What is the remainder when 105 is divided by 31?
12
Calculate the remainder when 1522 is divided by 378.
10
What is the remainder when 708 is divided by 72?
60
Calculate the remainder when 3099 is divided by 66.
63
What is the remainder when 76 is divided by 66?
10
What is the remainder when 974 is divided by 187?
39
Calculate the remainder when 4842 is divided by 35.
12
What is the remainder when 1427 is divided by 130?
127
What is the remainder when 1773 is divided by 37?
34
What is the remainder when 26663 is divided by 202?
201
Calculate the remainder when 232 is divided by 40.
32
What is the remainder when 696 is divided by 33?
3
Calculate the remainder when 1893 is divided by 24.
21
Calculate the remainder when 477 is divided by 16.
13
What is the remainder when 173 is divided by 31?
18
Calculate the remainder when 1569 is divided by 122.
105
What is the remainder when 358 is divided by 27?
7
What is the remainder when 8987 is divided by 243?
239
What is the remainder when 27 is divided by 10?
7
What is the remainder when 242 is divided by 49?
46
What is the remainder when 240 is divided by 22?
20
What is the remainder when 917 is divided by 27?
26
Calculate the remainder when 908 is divided by 70.
68
What is the remainder when 1006 is 